100501296?
14
What is the greatest common divisor of 91668896 and 187?
187
Calculate the highest common divisor of 159528135 and 195.
195
What is the greatest common divisor of 96335328 and 32?
32
What is the greatest common divisor of 451408 and 4183?
89
Calculate the greatest common divisor of 64 and 8902136.
8
Calculate the greatest common divisor of 260 and 8628035.
65
Calculate the highest common divisor of 28453158 and 2814.
402
Calculate the greatest common divisor of 946568 and 504.
56
Calculate the highest common factor of 2046528 and 1439288.
2584
What is the highest common divisor of 669543012 and 9?
9
What is the greatest common divisor of 4242700 and 1421?
203
Calculate the greatest common divisor of 395870778 and 327.
327
Calculate the greatest common factor of 9621 and 22844530.
1069
Calculate the highest common divisor of 2947792 and 3886.
58
What is the highest common factor of 1518935 and 715?
55
What is the highest common factor of 64357508 and 79?
79
What is the highest common factor of 42144 and 111362886?
2634
Calculate the greatest common factor of 7985 and 1755.
5
Calculate the greatest common divisor of 3604112 and 28.
4
What is the highest common divisor of 138459092 and 746?
746
Calculate the highest common factor of 1815224028 and 51.
51
Calculate the highest common factor of 497700 and 106200.
900
What is the highest common factor of 680 and 585106?
34
Calculate the highest common factor of 1493247 and 17.
1
What is the highest common divisor of 227836 and 116920?
316
Calculate the greatest common divisor of 53827335 and 621.
27
What is the greatest common divisor of 38010867 and 1209?
93
Calculate the greatest common factor of 186705 and 1007640.
405
Calculate the greatest common divisor of 53482884 and 258.
258
What is the highest common divisor of 47299 and 96425?
203
What is the highest common divisor of 262304274 and 1128?
282
Calculate the greatest common divisor of 56375 and 3265.
5
Calculate the highest common factor of 121136613 and 1092.
39
Calculate the highest common divisor of 3622 and 44554222.
3622
Calculate the greatest common divisor of 112428060 and 2.
2
Calculate the greatest common divisor of 29325 and 3675975.
1725
Calculate the highest common factor of 2259 and 61416437.
251
Calculate the greatest common factor of 94705 and 15604.
47
Calculate the greatest common factor of 7176080 and 5958.
662
What is the greatest common factor of 10600 and 12016054?
106
Calculate the highest common factor of 50592324 and 18.
6
Calculate the greatest common divisor of 14 and 39551113.
7
Calculate the highest common divisor of 1538 and 12730.
2
What is the highest common divisor of 12 and 12897372?
12
Calculate the highest common factor of 236708 and 1061174.
2006
Calculate the greatest common factor of 5096000 and 128.
64
What is the highest common divisor of 481200064 and 64?
64
What is the highest common factor of 345 and 38502621?
69
Calculate the greatest common factor of 4336 and 450673.
271
Calculate the highest common divisor of 456804 and 24036.
12
What is the greatest common factor of 33220080 and 11180?
860
Calculate the highest common divisor of 948878 and 14.
14
What is the greatest common divisor of 23460 and 12014580?
1020
Calculate the greatest common factor of 513961 and 306544.
833
Calculate the highest common divisor of 27315 and 12519375.
9105
Calculate the highest common factor of 57535 and 2624840.
1555
What is the greatest common divisor of 290 and 224178120?
290
What is the highest common factor of 15538358 and 1298?
1298
Calculate the greatest common divisor of 16800 and 204818400.
2400
Calculate the greatest common factor of 12342424 and 152.
8
What is the greatest common factor of 109572 and 67291500?
4764
Calculate the greatest common divisor of 12903 and 165121.
187
What is the highest common divisor of 2944 and 6793832?
184
Calculate the greatest common factor of 92 and 42785497.
23
What is the highest common factor of 127917860 and 42?
14
Calculate the highest common divisor of 528099 and 117.
39
Calculate the greatest common factor of 16 and 7525720.
8
Calculate the highest common divisor of 3 and 285555147.
3
What is the greatest common divisor of 8472 and 4635192?
24
What is the highest common factor of 913143 and 21417?
1947
Calculate the highest common divisor of 494667 and 40176.
2511
Calculate the highest common divisor of 28368306 and 657.
9
Calculate the greatest common divisor of 13656 and 24960.
24
What is the greatest common factor of 17 and 15034001?
17
Calculate the greatest common divisor of 39000 and 3709056.
312
What is the greatest common divisor of 2840 and 35736430?
710
Calculate the greatest common divisor of 5902443 and 1136.
71
Calculate the greatest common divisor of 1485 and 21153495.
165
Calculate the highest common factor of 79518109 and 82809.
3067
What is the greatest common divisor of 5522 and 21216026?
502
Calculate the highest common divisor of 990 and 11007040.
110
Calculate the highest common divisor of 10263 and 2625414.
33
Calculate the highest common divisor of 960 and 14183680.
320
What is the highest common divisor of 74436 and 2496?
12
What is the greatest common divisor of 10 and 123767970?
10
What is the highest common factor of 75 and 564094725?
75
What is the highest common factor of 1523 and 176937571?
1523
Calculate the highest common divisor of 236 and 4791862.
118
Calculate the greatest common divisor of 22 and 91184082.
22
Calculate the highest common divisor of 47272 and 127199.
311
What is the greatest common factor of 13144 and 20547358?
3286
What is the highest common divisor of 267 and 64104?
3
Calculate the greatest common factor of 2640 and 86594596.
44
What is the highest common divisor of 86978494 and 1412?
706
Calculate the highest common factor of 1549007170 and 4855.
4855
Calculate the highest common factor of 1174284 and 2882.
262
Calculate the highest common divisor of 69 and 278586373.
23
What is the highest common divisor of 69573 and 21861?
21
What is the highest common divisor of 105148 and 91277?
97
Calculate the highest common divisor of 44669313 and 216.
27
Calculate the greatest common divisor of 195 and 4492905.
15
What is the greatest common factor of 443961 and 36855?
567
Calculate the highest common divisor of 84 and 16725464.
28
Calculate the greatest common divisor of 8466498 and 18.
18
Calculate the greatest common divisor of 71135 and 3235.
5
Calculate the highest common divisor of 2064 and 8632.
8
Calculate the greatest common factor of 24 and 426776964.
12
Calculate the greatest common divisor of 2132 and 2047812.
52
Calculate the greatest common divisor of 3640 and 10500854.
182
What is the highest common divisor of 648 and 64342188?
324
What is the highest common divisor of 306737 and 32?
1
Calculate the greatest common factor of 29495 and 401795.
85
Calculate the greatest common factor of 996 and 6587544.
996
Calculate the highest common divisor of 2072089 and 16262.
47
Calculate the greatest common factor of 525337026 and 444.
222
Calculate the greatest common factor of 96778 and 362626.
1166
What is the highest common divisor of 148250 and 22250?
250
Calculate the greatest common factor of 767085 and 24475.
55
Calculate the greatest common factor of 21497622 and 306.
102
What is the highest common factor of 144699 and 783873?
1041
What is the highest common divisor of 3416105 and 7?
7
What is the highest common factor of 432342 and 27906?
6
Calculate the highest common divisor of 480527953 and 201.
67
Calculate the greatest common divisor of 142209214 and 116.
58
What is the highest common factor of 6554 and 32092?
226
What is the greatest common divisor of 580039 and 1080357?
2749
Calculate the highest common divisor of 4712878 and 26426.
362
What is the highest common factor of 1896 and 1598992?
8
What is the greatest common divisor of 205530 and 1096602?
1326
Calculate the greatest common factor of 21486850 and 11.
11
What is the highest common factor of 741814 and 4442?
4442
What is the greatest common factor of 51128 and 860748?
28
What is the highest common factor of 255 and 134207877?
51
What is the highest common divisor of 1052587 and 219?
73
What is the greatest common factor of 7